1222000211
306131 (base 8) to base 16
18c59
What is 1541772 (base 9) in base 7?
10155434
What is -366b5 (base 12) in base 6?
-1324345
Convert -3635046 (base 8) to base 11.
-621836
12033421 (base 5) to base 9
180241
What is 457540 (base 10) in base 2?
1101111101101000100
What is -5d5135 (base 15) in base 3?
-22102012122012
What is -11177671 (base 8) in base 13?
-66b891
Convert 396259 (base 14) to base 12.
7b3733
What is 2322146 (base 7) in base 9?
483515
Convert 111220101 (base 5) to base 12.
1b87b9
Convert -1e1460 (base 16) to base 14.
-39458c
What is 1011010100011010100 (base 2) in base 11?
233732
1a93b5a (base 12) to base 10
5667766
1544116 (base 7) to base 15
43067
Convert -82e0c2 (base 15) to base 16.
-5ef742
Convert -11031120232 (base 4) to base 7.
-14415124
-110101010010110000 (base 2) to base 3
-102002102202
What is -ab2ba (base 13) in base 9?
-522542
101542322 (base 7) to base 15
7d0e28
What is 37806 (base 11) in base 16?
d3c6
Convert 43110010 (base 7) to base 2.
1101111111000110011110
What is -4a4340 (base 14) in base 11?
-148a724
What is -131302 (base 7) in base 16?
-5fb6
117627 (base 8) to base 15
c18a
-b5ae (base 15) to base 5
-2212124
Convert -4243242 (base 5) to base 12.
-355a9
What is 9012a (base 13) in base 3?
111001212221
What is 1256565 (base 8) in base 4?
1111311311
Convert -1012025 (base 8) to base 3.
-111120122110
Convert -104034033 (base 5) to base 2.
-1101111001101011110
1839c21 (base 13) to base 12
2792560
What is -79d83 (base 15) in base 8?
-1365326
-145375 (base 9) to base 15
-1b69e
Convert -23402313 (base 5) to base 8.
-645626
What is -2402425 (base 9) in base 4?
-10331212103
Convert -2543171 (base 9) to base 10.
-1386703
What is 1143510 (base 7) in base 6?
3040513
Convert -12133331 (base 4) to base 14.
-99b7
What is -1122001210 (base 4) in base 6?
-11523044
-101000000000001110 (base 2) to base 8
-500016
2677d (base 14) to base 15
1d139
Convert 3866c4 (base 14) to base 2.
111011001010010110100
Convert -4000949 (base 10) to base 12.
-140b445
Convert 4341043 (base 8) to base 15.
17ec76
-1001010010110011101 (base 2) to base 15
-6037b
What is -781067 (base 12) in base 7?
-22142053
What is 100100010001000100 (base 2) in base 9?
245683
What is 6cb90 (base 14) in base 7?
2154440
What is -12133101302 (base 4) in base 5?
-413412403
Convert 3324041141 (base 5) to base 4.
123222222333
3787146 (base 9) to base 8
7701744
341201 (base 5) to base 16
2f13
What is -6295b (base 15) in base 9?
-525735
Convert -43011003 (base 5) to base 11.
-22662a
Convert 5932cd (base 15) to base 16.
410d64
What is 99170b (base 14) in base 8?
23631217
What is -33306062 (base 8) in base 9?
-14452145
Convert -6000076 (base 8) to base 15.
-2110bb
What is 1565734 (base 8) in base 13?
12b600
5541332 (base 6) to base 8
1036270
-3d722 (base 16) to base 12
-101796
Convert -5e940 (base 16) to base 14.
-a126c
Convert 35021105 (base 7) to base 9.
5680105
305607 (base 8) to base 11
6a090
Convert -11010100110010111100 (base 2) to base 7.
-10260100
Convert 2542401 (base 6) to base 12.
67a01
221530 (base 9) to base 2
100000010100011101
-1330222033 (base 4) to base 3
-221221102101
2cb019 (base 14) to base 10
1566847
What is -4ca86 (base 16) in base 7?
-2445265
Convert 35c573 (base 15) to base 6.
131051543
What is 27a92 (base 12) in base 13?
1c11b
645122 (base 10) to base 7
5324552
Convert 2202000001022 (base 3) to base 4.
11203213001
Convert -6940498 (base 11) to base 13.
-268ca4a
338661 (base 9) to base 14
540a7
Convert -33110230 (base 4) to base 8.
-172454
-221200111220111 (base 3) to base 2
-110100000100101000011001
Convert -313313200 (base 4) to base 11.
-146a1a
-6b4185 (base 12) to base 4
-12211323311
Convert -14370236 (base 8) to base 6.
-154052050
Convert 70b8 (base 12) to base 7.
50450
Convert -25402515 (base 6) to base 2.
-11001001011000101111
-2023103033 (base 4) to base 8
-2132317
What is 9264925 (base 10) in base 5?
4332434200
Convert 245463 (base 7) to base 15.
d5b9
Convert 3120232 (base 4) to base 9.
21021
Convert 476610 (base 8) to base 14.
4369a
What is 100155 (base 8) in base 3?
1200002200
What is 11a0795 (base 12) in base 11?
1a42000
What is 22525121 (base 6) in base 8?
2516751
-316a6 (base 12) to base 2
-1111110110011110
2501433 (base 6) to base 14
36457
Convert 2015422 (base 6) to base 7.
546302
Convert -4443332001 (base 5) to base 2.
-100101001011010111010100
Convert -45b69 (base 14) to base 16.
-296a1
What is 122002240 (base 5) in base 16?
8d38d
Convert 20102210112 (base 3) to base 10.
126698
Convert -525ff (base 16) to base 9.
-563746
Convert -461 (base 8) to base 14.
-17b
What is 13355046 (base 7) in base 15?
197910
What is 525022 (base 7) in base 4?
112013020
-3545e (base 16) to base 4
-311101132
Convert 52025144 (base 6) to base 5.
340343403
What is 10157270 (base 8) in base 7?
24211242
What is -23103132211 (base 4) in base 12?
-baaab1
454263 (base 10) to base 12
19aa73
Convert 44466 (base 10) to base 2.
1010110110110010
297279 (base 10) to base 3
120002210100
Convert 101011000101110100010101 (base 2) to base 13.
2456749
What is -36798 (base 13) in base 6?
-2051433
-4184c (base 13) to base 4
-130301201
Convert -120301013 (base 4) to base 2.
-11000110001000111
What is -10270513 (base 9) in base 8?
-22676723
-122020303 (base 5) to base 10
-579453
-22020102002 (base 3) to base 2
-100111100101011001
Convert -14410 (base 6) to base 16.
-906
-120132303 (base 4) to base 3
-12002112220
Convert 111244442 (base 6) to base 10.
2027978
What is -2893ad (base 14) in base 8?
-5276635
Convert -22130222212 (base 4) to base 14.
-5141a6
What is -10e372 (base 15) in base 10?
-807407
Convert 126da2 (base 14) to base 4.
2122233102
Convert 30a379 (base 12) to base 15.
1016d6
What is -30244 (base 8) in base 5?
-344302
42100410 (base 5) to base 13
c1c1a
What is 2114211440 (base 5) in base 15?
5cbdd0
What is 5a4b7 (base 13) in base 5?
20244401
27956a (base 13) to base 6
32351203
What is -25b94 (base 13) in base 16?
-111c7
Convert 31031 (base 4) to base 9.
1138
Convert 2c02d2 (base 15) to base 5.
1021030042
Convert 1110000101101111001 (base 2) to base 9.
773277
10000110110100001010110 (base 2) to base 14
82dcc6
Convert -21251510 (base 6) to base 16.
-998e2
Convert -11523564 (base 8) to base 6.
-130143540
What is -11202120011 (base 3) in base 15?
-1cb81
What is -1663066 (base 7) in base 14?
-613a6
What is 62c858 (base 13) in base 8?
10644735
Convert -102232133010 (base 4) to base 8.
-22563704
Convert 20121200001001 (base 3) to base 9.
6550031
106252623 (base 7) to base 10
6517311
-4260452 (base 7) to base 8
-1765301
What is 15a7889 (base 12) in base 8?
20765051
Convert -92a991a (base 11) to base 4.
-332222022302
-24edda (base 16) to base 12
-9886a2
-55445 (base 13) to base 11
-a6106
What is 12d30 (base 15) in base 14?
17dc5
Convert -371101 (base 8) to base 6.
-2422305
8368451 (base 9) to base 7
53013304
Convert 620a06 (base 11) to base 6.
33210500
3212410 (base 6) to base 14
4150a
Convert -12604334 (base 7) to base 15.
-17e102
What is 1411133 (base 7) in base 16?
2dd2e
Convert 11012222210220 (base 3) to base 16.
223c8c
-2000021110 (base 4) to base 13
-154ba9
211310313112 (base 4) to base 3
200122210000011
What is -101101202012012 (base 3) in base 2?
-10101000101000111001000
Convert 204444 (base 6) to base 13.
7720
-30453 (base 16) to base 11
-125601
What is -121291 (base 11) in base 10?
-192006
Convert 73aa664 (base 11) to base 2.
110001110000101101110100
-201434032 (base 5) to base 6
-25222103
What is 44412403 (base 5) in base 16?
5ed7e
Convert 61328 (base 9) to base 8.
116654
What is -101010010111111001 (base 2) in base 16?
-2a5f9
What is -3104470 (base 11) in base 16?
-53a493
Convert -1100010110100110 (base 2) to base 7.
-300342
Convert 10b7061 (base 12) to base 3.
20001220120201
Convert -31012322 (base 4) to base 13.
-1b590
-75b67 (base 12) to base 4
-211330333
Convert 33437 (base 9) to base 8.
53324
What is -2201d5 (base 15) in base 5?
-403323200
Convert -984844 (base 11) to base 9.
-2856576
What is 919604 (base 14) in base 5?
2223422313
-1000000110000100110 (base 2) to base 3
-111110212020
Convert -725295 (base 12) to base 13.
-4a9a71
Convert 11000010110000100000 (base 2) to base 14.
16aa08
Convert -151413 (base 7) to base 4.
-13022301
What is -152505036 (bas